-5*b = -3 - 42. Suppose 91 = s + 3*s + 5*a, -4*a - 124 = -5*s. Calculate the remainder when s is divided by b.
6
Let s(g) = g**3 + 6*g**2 - g - 7. Let y be s(-6). What is the remainder when 22/(-121) - 343/(-11) is divided by 16 + 1*y/(-1)?
14
Let t(c) = -15*c - 20. What is the remainder when t(-6) is divided by 12?
10
Let o be 9/((-94)/44 + 2). What is the remainder when 31 is divided by -2*(o/(-4))/(-3)?
9
Let f(d) be the second derivative of d**4/12 + d**3/2 - 2*d**2 + 2*d. Suppose k = -k - 10. Calculate the remainder when 9 is divided by f(k).
3
Suppose 3*v + 1 = -2. Let d(w) be the first derivative of -3*w**2 + w - 1. What is the remainder when d(v) is divided by 3?
1
Let m(n) = 33*n**2 - 6*n + 3. Calculate the remainder when m(2) is divided by 21.
18
Suppose 0 = 5*m - 37 - 8. What is the remainder when 35 is divided by m?
8
Let g = 2 - 5. Calculate the remainder when 22 is divided by (-1)/(g/21) + -1.
4
Suppose 24 = 3*u - 3*r, -3*r = -5*u - 5*r + 47. What is the remainder when (-53)/(-3) - (-4)/(-6) is divided by u?
8
Suppose -2*o - k = -49, -4*k = -4*o - o + 103. Suppose -3*l + 15 = 0, 34 = 3*x - 4*l - 42. Let c = x + -20. Calculate the remainder when o is divided by c.
11
Let x(f) = 6 + 4*f**2 - f**2 - 2*f**2 - 3*f. Suppose 0 = 5*c - 5*l - 45, 2*c - 3*l = 6*c - 1. What is the remainder when x(c) is divided by 3?
1
Let j(m) = m**3 + 16*m**2 + 16*m - 25. What is the remainder when j(-14) is divided by 37?
32
Let d(x) = 2*x**2 - 8*x. Let v(c) = 6*c - 3. Calculate the remainder when d(6) is divided by v(2).
6
Suppose -4*s + 3*p + 35 = 0, s + 4*p = 3*p. What is the remainder when 22 is divided by s?
2
Suppose -5*j = -89 - 26. What is the remainder when j is divided by 13?
10
Let x(k) = -4*k + 3*k - 4*k + 2*k. Suppose 2*u = 4*o + 6, 3*o - 7*o = 2*u + 26. Calculate the remainder when 29 is divided by x(u).
14
Suppose -2*f + 3*f + 134 = 4*q, -5*q + f + 168 = 0. What is the remainder when q is divided by 9?
7
Let p be -5*(1 - 6/3). Suppose p*f - 30 = 15. What is the remainder when 15 is divided by f?
6
Let h(s) = s**2 - 13*s + 10. Calculate the remainder when 38 is divided by h(13).
8
Let x be (-1)/(-2)*-2 - -14. Suppose -x = 5*s - 108. Let k = -10 + s. Calculate the remainder when k is divided by 5.
4
Let k = 10 + 20. What is the remainder when 55 is divided by k?
25
Let o be (-2)/6 - (-52)/12. Suppose -4*k + 2*w = -0*w + 56, -42 = 3*k + o*w. Let d = k - -23. What is the remainder when d is divided by 5?
4
Suppose 0 = 41*f - 45*f + 252. Calculate the remainder when f is divided by 23.
17
Suppose 0 = 4*y - 0 - 4, -4*y + 40 = 3*a. What is the remainder when 57 is divided by a?
9
Calculate the remainder when 5 is divided by -3 + (-16)/(-4) - -2.
2
Let y be -3 + -3 + 3 + 3. Suppose y = -0*f - f + 3. Let l = f - -21. What is the remainder when 47 is divided by l?
23
Suppose 4*k + 12 = 2*p, 2*p - 3*k + 63 = 5*p. What is the remainder when p is divided by 9?
7
Let h(g) = 2*g**3 - 2*g**2 - 5*g - 4. What is the remainder when h(3) is divided by 6?
5
Suppose y - 7 = -0*y. Suppose 4*j + 4*a - 20 = 0, -3*a + 0*a - 21 = -3*j. Suppose d = j*d - 60. Calculate the remainder when d is divided by y.
5
Suppose -4*o - 4*z = -48, 51 = 3*o + o + 3*z. What is the remainder when 42 is divided by o?
12
Suppose -3*b = -2*t - 0*t + 33, 3*t = b + 32. Calculate the remainder when (-58)/(-4) + t/6 is divided by 6.
4
Suppose 0*n = 3*n - 87. What is the remainder when 114 is divided by n?
27
Calculate the remainder when 35 is divided by 1/(-2)*(-12 + -6).
8
Suppose 17 = 4*d - 39. What is the remainder when 27 is divided by d?
13
Let f = -18 - -59. Calculate the remainder when f is divided by 23.
18
Let y be (1/1 + -172)/(-1). Let x = -76 + y. Suppose 0 = -5*p + 5*l + x, 0 = -2*p - 4*l + 39 - 7. What is the remainder when 52 is divided by p?
16
Let p = -1 - -26. Let d = 21 + -7. What is the remainder when p is divided by d?
11
Suppose 3 = 3*p, 3*x + 5*p = x + 37. Suppose -5*k - 111 = -1. Let j = 69 + k. What is the remainder when j is divided by x?
15
Suppose -36 = -j + 13. Calculate the remainder when j is divided by 17.
15
What is the remainder when (-2)/(121/41 - 3) is divided by 14?
13
Let k be -6*((-21)/(-6) - 2). Let b(x) = 5*x - 2. Let q(j) = -j + 1. Let v(g) = -b(g) - 4*q(g). Calculate the remainder when 18 is divided by v(k).
4
Let i(s) be the first derivative of s**2/2 - 2*s + 2. Let x be i(4). Calculate the remainder when -33*(-4)/6*x is divided by 15.
14
Let g(m) = -m + 7. Let b be g(-5). Let f = b - -6. Calculate the remainder when f is divided by 0 + -2 + 3 + 9.
8
Suppose -107 = -14*g + 103. What is the remainder when 344 is divided by g?
14
Suppose -2*i - 20 = -4*i. What is the remainder when 35 is divided by i?
5
Let l = 9 - 5. Suppose 0 = -4*t - 0*t - l. What is the remainder when 26*1 + (1 - t) is divided by 15?
13
Suppose 2*l - l + 133 = 5*r, -3*r = 5*l - 63. What is the remainder when r is divided by (-2)/(-4) + (-81)/(-6)?
12
Suppose -k + 7 = 4*g - 12, 3 = -3*g + 5*k. Let x(a) = -a**2 + 4 + 3*a**2 - a - 6*a. Calculate the remainder when 14 is divided by x(g).
6
Suppose 14 = -j - 0*j. Let z be (-4)/j - (-60)/(-14). What is the remainder when (-62)/8*(z + 0) is divided by 11?
9
Let o(r) = 2*r**3 - 8*r**2 + 10*r - 7. What is the remainder when o(4) is divided by 5?
3
What is the remainder when 18 is divided by ((-50)/15)/(32/(-12) + 2)?
3
Suppose 3*p + 0*k - 5*k - 76 = 0, k - 20 = -p. Let l = -8 + 16. Calculate the remainder when p is divided by l.
6
What is the remainder when 121 is divided by -2 + 233/7 + (-4)/14?
28
Let n be 70/22 - (-4)/(-22). What is the remainder when 5/((3/5)/n) is divided by (-2)/(0 - -2) - -14?
12
Suppose -32 = o - 103. What is the remainder when o is divided by 9?
8
Let l(s) = -2*s - 8. Let v be l(-7). Suppose -f + v*f = 160. Calculate the remainder when f is divided by 17.
15
Let b(a) = a**3 + 50. Calculate the remainder when b(0) is divided by 13.
11
Let r = 25 + -18. Suppose -q - 6 = -3*t + 5, q + 4*t = 24. Suppose -13 = -q*n - 5. What is the remainder when r is divided by n?
1
Let y = 4 + -2. Suppose -2*i + 2*h = -8, -5*i - 3*h = -y*h - 14. Calculate the remainder when i is divided by 6/(-21) + 64/28.
1
Let q = -18 - -40. Suppose 0 = 3*s - 9, 2*s = -2*x - 0*s + 22. What is the remainder when q is divided by x?
6
Suppose -3*c - 5*h + 35 = -18, h = -5*c + 125. Calculate the remainder when c is divided by (-5)/1*27/(-15).
8
What is the remainder when 94 is divided by -9*(0 + 16/(-6))?
22
Calculate the remainder when (-280)/(-6)*45/30 is divided by 19.
13
Suppose 81 = 5*l - 2*n, 4*n - 51 = -4*l + n. Suppose -7*t + 348 = -t. Calculate the remainder when t is divided by l.
13
What is the remainder when 40/(-6)*(-384)/40 is divided by 22?
20
Let q(t) = t + 46. Suppose 0 = -7*f + 5*f. What is the remainder when q(f) is divided by 12?
10
Let t(l) = 6*l + 1. Let z = 21 + -8. Calculate the remainder when z is divided by t(1).
6
Suppose 0 = 5*y - 3*v - 24, v = -v + 4. Calculate the remainder when (11 - 1) + -1 - -2 is divided by y.
5
Suppose 10 = -5*o, 0 = -4*z - 4*o + 3 + 49. Calculate the remainder when 96 is divided by (z/10)/((-2)/(-44)).
30
Let l = -26 + 44. Let u be 6/(-21) + (-250)/7. What is the remainder when -2*2/4 - u is divided by l?
17
Suppose q = -q. Let p be ((-31)/(-1))/(q + -1). Let v = -16 - p. Calculate the remainder when 29 is divided by v.
14
Let x(b) = -b**2 + 1. Let a(t) = -2*t**2 + 2*t - 2. Let v(r) = -a(r) - x(r). Let z be v(2). Calculate the remainder when 27 is divided by (-2)/z - (-128)/9.
13
Suppose -5*r - 94 = -3*u, 3*u - r - 18 = 80. Calculate the remainder when u is divided by 3 + 2/2 + 5.
6
Let r be (4/(-3))/(8/36). Let h(g) = -g + 1. Let w(m) = -m**2 + 10*m + 4. Let c(z) = r*h(z) - w(z). What is the remainder when c(-7) is divided by 23?
21
Suppose -5*a = -l + 174, -4*a + 977 = 4*l + 305. Calculate the remainder when l is divided by 34.
33
Let s(r) = r + 8. Let m(i) be the third derivative of i**6/120 + i**5/60 + i**4/6 - 2*i**3/3 + 2*i**2. Calculate the remainder when m(3) is divided by s(7).
14
Suppose -2*x = 2*u + u - 65, -3*u - 5*x + 77 = 0. Suppose -3*s - 22 = -67. Suppose 5*m - 35 - s = 0. Calculate the remainder when u is divided by m.
9
Let u(y) = 4*y - 41. What is the remainder when u(19) is 